{"id":100,"date":"2022-12-21T10:19:23","date_gmt":"2022-12-21T09:19:23","guid":{"rendered":"https:\/\/www.paulinejurquet.fr\/?page_id=100"},"modified":"2025-03-14T11:34:29","modified_gmt":"2025-03-14T10:34:29","slug":"ilots","status":"publish","type":"page","link":"https:\/\/www.paulinejurquet.fr\/index.php\/ilots\/","title":{"rendered":"\u00celots"},"content":{"rendered":"<p>[et_pb_section fb_built=\u00a0\u00bb1&Prime; _builder_version=\u00a0\u00bb4.19.4&Prime; _module_preset=\u00a0\u00bbdefault\u00a0\u00bb global_colors_info=\u00a0\u00bb{}\u00a0\u00bb][et_pb_row _builder_version=\u00a0\u00bb4.19.4&Prime; _module_preset=\u00a0\u00bbdefault\u00a0\u00bb custom_margin=\u00a0\u00bb0px||||false|false\u00a0\u00bb custom_padding=\u00a0\u00bb0px||||false|false\u00a0\u00bb global_colors_info=\u00a0\u00bb{}\u00a0\u00bb][et_pb_column type=\u00a0\u00bb4_4&Prime; _builder_version=\u00a0\u00bb4.19.4&Prime; _module_preset=\u00a0\u00bbdefault\u00a0\u00bb global_colors_info=\u00a0\u00bb{}\u00a0\u00bb][et_pb_image src=\u00a0\u00bbhttps:\/\/www.paulinejurquet.fr\/wp-content\/uploads\/Ilot-jardin-1.jpg\u00a0\u00bb alt=\u00a0\u00bbSculpture-c\u00e9ramique-en-gr\u00e8s-et-porcelaine-r\u00e9alis\u00e9e-par-Pauline-Jurquet\u00a0\u00bb title_text=\u00a0\u00bbIlot jardin (1)\u00a0\u00bb align=\u00a0\u00bbcenter\u00a0\u00bb align_tablet=\u00a0\u00bbcenter\u00a0\u00bb align_phone=\u00a0\u00bbcenter\u00a0\u00bb align_last_edited=\u00a0\u00bbon|phone\u00a0\u00bb _builder_version=\u00a0\u00bb4.27.4&Prime; _module_preset=\u00a0\u00bbdefault\u00a0\u00bb transform_scale=\u00a0\u00bb120%|120%\u00a0\u00bb transform_scale_tablet=\u00a0\u00bb120%|120%\u00a0\u00bb transform_scale_phone=\u00a0\u00bb120%|120%\u00a0\u00bb transform_scale_last_edited=\u00a0\u00bbon|phone\u00a0\u00bb transform_translate_tablet=\u00a0\u00bb\u00a0\u00bb transform_translate_phone=\u00a0\u00bb\u00a0\u00bb transform_translate_last_edited=\u00a0\u00bbon|desktop\u00a0\u00bb transform_rotate_tablet=\u00a0\u00bb\u00a0\u00bb transform_rotate_phone=\u00a0\u00bb\u00a0\u00bb transform_rotate_last_edited=\u00a0\u00bbon|desktop\u00a0\u00bb transform_skew_tablet=\u00a0\u00bb\u00a0\u00bb transform_skew_phone=\u00a0\u00bb\u00a0\u00bb transform_skew_last_edited=\u00a0\u00bbon|desktop\u00a0\u00bb transform_origin_tablet=\u00a0\u00bb\u00a0\u00bb transform_origin_phone=\u00a0\u00bb\u00a0\u00bb transform_origin_last_edited=\u00a0\u00bbon|desktop\u00a0\u00bb transform_styles_last_edited=\u00a0\u00bbon|phone\u00a0\u00bb max_width=\u00a0\u00bb54%\u00a0\u00bb max_width_tablet=\u00a0\u00bb54%\u00a0\u00bb max_width_phone=\u00a0\u00bb54%\u00a0\u00bb max_width_last_edited=\u00a0\u00bbon|desktop\u00a0\u00bb custom_margin=\u00a0\u00bb20px||||false|false\u00a0\u00bb custom_padding=\u00a0\u00bb||10px||false|false\u00a0\u00bb hover_enabled=\u00a0\u00bb0&Prime; transform_styles_tablet=\u00a0\u00bb\u00a0\u00bb transform_styles_phone=\u00a0\u00bb\u00a0\u00bb global_colors_info=\u00a0\u00bb{}\u00a0\u00bb width=\u00a0\u00bb51%\u00a0\u00bb sticky_enabled=\u00a0\u00bb0&Prime;][\/et_pb_image][\/et_pb_column][\/et_pb_row][et_pb_row _builder_version=\u00a0\u00bb4.19.4&Prime; _module_preset=\u00a0\u00bbdefault\u00a0\u00bb global_colors_info=\u00a0\u00bb{}\u00a0\u00bb][et_pb_column type=\u00a0\u00bb4_4&Prime; _builder_version=\u00a0\u00bb4.19.4&Prime; _module_preset=\u00a0\u00bbdefault\u00a0\u00bb global_colors_info=\u00a0\u00bb{}\u00a0\u00bb][et_pb_text _builder_version=\u00a0\u00bb4.27.4&Prime; _module_preset=\u00a0\u00bbdefault\u00a0\u00bb text_orientation=\u00a0\u00bbcenter\u00a0\u00bb global_colors_info=\u00a0\u00bb{}\u00a0\u00bb]<\/p>\n<p style=\"text-align: center;\"><strong>Emeraude<\/strong>\u00a0&#8211; 2022<\/p>\n<p style=\"text-align: center;\">Vue d&rsquo;exposition Biennale Bic\u00e9phale 2023<\/p>\n<p>[\/et_pb_text][\/et_pb_column][\/et_pb_row][et_pb_row column_structure=\u00a0\u00bb1_2,1_2&Prime; _builder_version=\u00a0\u00bb4.19.4&Prime; _module_preset=\u00a0\u00bbdefault\u00a0\u00bb custom_margin=\u00a0\u00bb80px||||false|false\u00a0\u00bb custom_margin_tablet=\u00a0\u00bb80px||||false|false\u00a0\u00bb custom_margin_phone=\u00a0\u00bb30px||||false|false\u00a0\u00bb custom_margin_last_edited=\u00a0\u00bbon|phone\u00a0\u00bb global_colors_info=\u00a0\u00bb{}\u00a0\u00bb][et_pb_column type=\u00a0\u00bb1_2&Prime; _builder_version=\u00a0\u00bb4.19.4&Prime; _module_preset=\u00a0\u00bbdefault\u00a0\u00bb global_colors_info=\u00a0\u00bb{}\u00a0\u00bb][et_pb_image src=\u00a0\u00bbhttps:\/\/www.paulinejurquet.fr\/wp-content\/uploads\/Lagon.jpg\u00a0\u00bb alt=\u00a0\u00bbSculpture-en-c\u00e9ramique-r\u00e9alis\u00e9e-par-Pauline-Jurquet\u00a0\u00bb title_text=\u00a0\u00bbLagon\u00a0\u00bb align=\u00a0\u00bbcenter\u00a0\u00bb _builder_version=\u00a0\u00bb4.27.4&Prime; _module_preset=\u00a0\u00bbdefault\u00a0\u00bb transform_scale=\u00a0\u00bb120%|120%\u00a0\u00bb width=\u00a0\u00bb74%\u00a0\u00bb custom_margin=\u00a0\u00bb0px||||false|false\u00a0\u00bb custom_margin_tablet=\u00a0\u00bb40px||||false|false\u00a0\u00bb custom_margin_phone=\u00a0\u00bb0px||||false|false\u00a0\u00bb custom_margin_last_edited=\u00a0\u00bbon|phone\u00a0\u00bb custom_padding=\u00a0\u00bb||30px||false|false\u00a0\u00bb global_colors_info=\u00a0\u00bb{}\u00a0\u00bb][\/et_pb_image][et_pb_text _builder_version=\u00a0\u00bb4.27.4&Prime; _module_preset=\u00a0\u00bbdefault\u00a0\u00bb text_orientation=\u00a0\u00bbcenter\u00a0\u00bb custom_margin=\u00a0\u00bb0px||||false|false\u00a0\u00bb global_colors_info=\u00a0\u00bb{}\u00a0\u00bb]<\/p>\n<p><strong>Lagon<\/strong> &#8211; 19x34x17 cm &#8211; C\u00e9ramique \u00e9maill\u00e9e &#8211; 2022<\/p>\n<p>[\/et_pb_text][\/et_pb_column][et_pb_column type=\u00a0\u00bb1_2&Prime; _builder_version=\u00a0\u00bb4.19.4&Prime; _module_preset=\u00a0\u00bbdefault\u00a0\u00bb global_colors_info=\u00a0\u00bb{}\u00a0\u00bb][et_pb_image src=\u00a0\u00bbhttps:\/\/www.paulinejurquet.fr\/wp-content\/uploads\/Emeraude.jpg\u00a0\u00bb alt=\u00a0\u00bbSculpture-c\u00e9ramique-en-gr\u00e8s-et-porcelaine-r\u00e9alis\u00e9e-par-Pauline-Jurquet\u00a0\u00bb title_text=\u00a0\u00bbEmeraude\u00a0\u00bb _builder_version=\u00a0\u00bb4.27.4&Prime; _module_preset=\u00a0\u00bbdefault\u00a0\u00bb width=\u00a0\u00bb82%\u00a0\u00bb global_colors_info=\u00a0\u00bb{}\u00a0\u00bb][\/et_pb_image][et_pb_text _builder_version=\u00a0\u00bb4.27.4&Prime; _module_preset=\u00a0\u00bbdefault\u00a0\u00bb global_colors_info=\u00a0\u00bb{}\u00a0\u00bb]<\/p>\n<p style=\"text-align: center;\"><strong>Emeraude<\/strong>&#8211; 21x33x15 cm &#8211; C\u00e9ramique \u00e9maill\u00e9e &#8211; 2022<\/p>\n<p>[\/et_pb_text][\/et_pb_column][\/et_pb_row][et_pb_row _builder_version=\u00a0\u00bb4.27.4&Prime; _module_preset=\u00a0\u00bbdefault\u00a0\u00bb global_colors_info=\u00a0\u00bb{}\u00a0\u00bb][et_pb_column type=\u00a0\u00bb4_4&Prime; _builder_version=\u00a0\u00bb4.27.4&Prime; _module_preset=\u00a0\u00bbdefault\u00a0\u00bb global_colors_info=\u00a0\u00bb{}\u00a0\u00bb][et_pb_text _builder_version=\u00a0\u00bb4.27.4&Prime; _module_preset=\u00a0\u00bbdefault\u00a0\u00bb global_colors_info=\u00a0\u00bb{}\u00a0\u00bb]<\/p>\n<p>&nbsp;<\/p>\n<p>&nbsp;<\/p>\n<p>[\/et_pb_text][\/et_pb_column][\/et_pb_row][et_pb_row _builder_version=\u00a0\u00bb4.19.4&Prime; _module_preset=\u00a0\u00bbdefault\u00a0\u00bb custom_margin=\u00a0\u00bb-73px|auto|0px|auto|false|false\u00a0\u00bb custom_padding=\u00a0\u00bb||0px||false|false\u00a0\u00bb global_colors_info=\u00a0\u00bb{}\u00a0\u00bb][et_pb_column type=\u00a0\u00bb4_4&Prime; _builder_version=\u00a0\u00bb4.19.4&Prime; _module_preset=\u00a0\u00bbdefault\u00a0\u00bb global_colors_info=\u00a0\u00bb{}\u00a0\u00bb][et_pb_image src=\u00a0\u00bbhttps:\/\/www.paulinejurquet.fr\/wp-content\/uploads\/Carmin.jpg\u00a0\u00bb alt=\u00a0\u00bbSculpture-c\u00e9ramique-r\u00e9alis\u00e9e-par-Pauline-Jurquet\u00a0\u00bb title_text=\u00a0\u00bbCarmin\u00a0\u00bb align=\u00a0\u00bbcenter\u00a0\u00bb _builder_version=\u00a0\u00bb4.27.4&Prime; _module_preset=\u00a0\u00bbdefault\u00a0\u00bb transform_scale=\u00a0\u00bb120%|120%\u00a0\u00bb width=\u00a0\u00bb40%\u00a0\u00bb custom_margin=\u00a0\u00bb60px||||false|false\u00a0\u00bb custom_padding=\u00a0\u00bb||27px||false|false\u00a0\u00bb custom_padding_tablet=\u00a0\u00bb||27px||false|false\u00a0\u00bb custom_padding_phone=\u00a0\u00bb||0px||false|false\u00a0\u00bb custom_padding_last_edited=\u00a0\u00bbon|phone\u00a0\u00bb global_colors_info=\u00a0\u00bb{}\u00a0\u00bb][\/et_pb_image][et_pb_text _builder_version=\u00a0\u00bb4.19.4&Prime; _module_preset=\u00a0\u00bbdefault\u00a0\u00bb text_orientation=\u00a0\u00bbcenter\u00a0\u00bb custom_margin=\u00a0\u00bb0px||0px||false|false\u00a0\u00bb custom_padding=\u00a0\u00bb||0px||false|false\u00a0\u00bb global_colors_info=\u00a0\u00bb{}\u00a0\u00bb]<\/p>\n<p><strong>Carmin<\/strong> &#8211; 23x27x10 cm &#8211; Gr\u00e8s, porcelaine, oxydes, \u00e9mail &#8211; 2022<\/p>\n<p>[\/et_pb_text][\/et_pb_column][\/et_pb_row][\/et_pb_section]<\/p>\n","protected":false},"excerpt":{"rendered":"<p>Emeraude\u00a0&#8211; 2022 Vue d&rsquo;exposition Biennale Bic\u00e9phale 2023Lagon &#8211; 19x34x17 cm &#8211; C\u00e9ramique \u00e9maill\u00e9e &#8211; 2022Emeraude- 21x33x15 cm &#8211; C\u00e9ramique \u00e9maill\u00e9e &#8211; 2022&nbsp; &nbsp;Carmin &#8211; 23x27x10 cm &#8211; Gr\u00e8s, porcelaine, oxydes, \u00e9mail &#8211; 2022<\/p>\n","protected":false},"author":1,"featured_media":0,"parent":0,"menu_order":0,"comment_status":"closed","ping_status":"closed","template":"","meta":{"_seopress_robots_primary_cat":"","_seopress_titles_title":"","_seopress_titles_desc":"","_seopress_robots_index":"","_et_pb_use_builder":"on","_et_pb_old_content":"<!-- wp:divi\/placeholder \/-->","_et_gb_content_width":"","footnotes":""},"class_list":["post-100","page","type-page","status-publish","hentry"],"_links":{"self":[{"href":"https:\/\/www.paulinejurquet.fr\/index.php\/wp-json\/wp\/v2\/pages\/100","targetHints":{"allow":["GET"]}}],"collection":[{"href":"https:\/\/www.paulinejurquet.fr\/index.php\/wp-json\/wp\/v2\/pages"}],"about":[{"href":"https:\/\/www.paulinejurquet.fr\/index.php\/wp-json\/wp\/v2\/types\/page"}],"author":[{"embeddable":true,"href":"https:\/\/www.paulinejurquet.fr\/index.php\/wp-json\/wp\/v2\/users\/1"}],"replies":[{"embeddable":true,"href":"https:\/\/www.paulinejurquet.fr\/index.php\/wp-json\/wp\/v2\/comments?post=100"}],"version-history":[{"count":8,"href":"https:\/\/www.paulinejurquet.fr\/index.php\/wp-json\/wp\/v2\/pages\/100\/revisions"}],"predecessor-version":[{"id":742,"href":"https:\/\/www.paulinejurquet.fr\/index.php\/wp-json\/wp\/v2\/pages\/100\/revisions\/742"}],"wp:attachment":[{"href":"https:\/\/www.paulinejurquet.fr\/index.php\/wp-json\/wp\/v2\/media?parent=100"}],"curies":[{"name":"wp","href":"https:\/\/api.w.org\/{rel}","templated":true}]}}

Îlots

<p>[et_pb_section fb_built= »1&Prime; _builder_version= »4.19.4&Prime; _module_preset= »default » global_colors_info= »{} »][et_pb_row _builder_version= »4.19.4&Prime; _module_preset= »default » custom_margin= »0px||||false|false » custom_padding= »0px||||false|false » global_colors_info= »{} »][et_pb_column type= »4_4&Prime; _builder_version= »4.19.4&Prime; _module_preset= »default » global_colors_info= »{} »][et_pb_image src= »https://www.paulinejurquet.fr/wp-content/uploads/Ilot-jardin-1.jpg » alt= »Sculpture-céramique-en-grès-et-porcelaine-réalisée-par-Pauline-Jurquet » title_text= »Ilot jardin (1) » align= »center » align_tablet= »center » align_phone= »center » align_last_edited= »on|phone » _builder_version= »4.27.4&Prime; _module_preset= »default » transform_scale= »120%|120% » transform_scale_tablet= »120%|120% » transform_scale_phone= »120%|120% » transform_scale_last_edited= »on|phone » transform_translate_tablet= » » transform_translate_phone= » » transform_translate_last_edited= »on|desktop » transform_rotate_tablet= » » transform_rotate_phone= » » transform_rotate_last_edited= »on|desktop » transform_skew_tablet= » » transform_skew_phone= » » transform_skew_last_edited= »on|desktop » transform_origin_tablet= » » transform_origin_phone= » » transform_origin_last_edited= »on|desktop » transform_styles_last_edited= »on|phone » max_width= »54% » max_width_tablet= »54% » max_width_phone= »54% » max_width_last_edited= »on|desktop » custom_margin= »20px||||false|false » custom_padding= »||10px||false|false » hover_enabled= »0&Prime; transform_styles_tablet= » » transform_styles_phone= » » global_colors_info= »{} » width= »51% » sticky_enabled= »0&Prime;][/et_pb_image][/et_pb_column][/et_pb_row][et_pb_row _builder_version= »4.19.4&Prime; _module_preset= »default » global_colors_info= »{} »][et_pb_column type= »4_4&Prime; _builder_version= »4.19.4&Prime; _module_preset= »default » global_colors_info= »{} »][et_pb_text _builder_version= »4.27.4&Prime; _module_preset= »default » text_orientation= »center » global_colors_info= »{} »]</p>
<p style="text-align: center;"><strong>Emeraude</strong> &#8211; 2022</p>
<p style="text-align: center;">Vue d&rsquo;exposition Biennale Bicéphale 2023</p>
<p>[/et_pb_text][/et_pb_column][/et_pb_row][et_pb_row column_structure= »1_2,1_2&Prime; _builder_version= »4.19.4&Prime; _module_preset= »default » custom_margin= »80px||||false|false » custom_margin_tablet= »80px||||false|false » custom_margin_phone= »30px||||false|false » custom_margin_last_edited= »on|phone » global_colors_info= »{} »][et_pb_column type= »1_2&Prime; _builder_version= »4.19.4&Prime; _module_preset= »default » global_colors_info= »{} »][et_pb_image src= »https://www.paulinejurquet.fr/wp-content/uploads/Lagon.jpg » alt= »Sculpture-en-céramique-réalisée-par-Pauline-Jurquet » title_text= »Lagon » align= »center » _builder_version= »4.27.4&Prime; _module_preset= »default » transform_scale= »120%|120% » width= »74% » custom_margin= »0px||||false|false » custom_margin_tablet= »40px||||false|false » custom_margin_phone= »0px||||false|false » custom_margin_last_edited= »on|phone » custom_padding= »||30px||false|false » global_colors_info= »{} »][/et_pb_image][et_pb_text _builder_version= »4.27.4&Prime; _module_preset= »default » text_orientation= »center » custom_margin= »0px||||false|false » global_colors_info= »{} »]</p>
<p><strong>Lagon</strong> &#8211; 19x34x17 cm &#8211; Céramique émaillée &#8211; 2022</p>
<p>[/et_pb_text][/et_pb_column][et_pb_column type= »1_2&Prime; _builder_version= »4.19.4&Prime; _module_preset= »default » global_colors_info= »{} »][et_pb_image src= »https://www.paulinejurquet.fr/wp-content/uploads/Emeraude.jpg » alt= »Sculpture-céramique-en-grès-et-porcelaine-réalisée-par-Pauline-Jurquet » title_text= »Emeraude » _builder_version= »4.27.4&Prime; _module_preset= »default » width= »82% » global_colors_info= »{} »][/et_pb_image][et_pb_text _builder_version= »4.27.4&Prime; _module_preset= »default » global_colors_info= »{} »]</p>
<p style="text-align: center;"><strong>Emeraude</strong>&#8211; 21x33x15 cm &#8211; Céramique émaillée &#8211; 2022</p>
<p>[/et_pb_text][/et_pb_column][/et_pb_row][et_pb_row _builder_version= »4.27.4&Prime; _module_preset= »default » global_colors_info= »{} »][et_pb_column type= »4_4&Prime; _builder_version= »4.27.4&Prime; _module_preset= »default » global_colors_info= »{} »][et_pb_text _builder_version= »4.27.4&Prime; _module_preset= »default » global_colors_info= »{} »]</p>
<p>&nbsp;</p>
<p>&nbsp;</p>
<p>[/et_pb_text][/et_pb_column][/et_pb_row][et_pb_row _builder_version= »4.19.4&Prime; _module_preset= »default » custom_margin= »-73px|auto|0px|auto|false|false » custom_padding= »||0px||false|false » global_colors_info= »{} »][et_pb_column type= »4_4&Prime; _builder_version= »4.19.4&Prime; _module_preset= »default » global_colors_info= »{} »][et_pb_image src= »https://www.paulinejurquet.fr/wp-content/uploads/Carmin.jpg » alt= »Sculpture-céramique-réalisée-par-Pauline-Jurquet » title_text= »Carmin » align= »center » _builder_version= »4.27.4&Prime; _module_preset= »default » transform_scale= »120%|120% » width= »40% » custom_margin= »60px||||false|false » custom_padding= »||27px||false|false » custom_padding_tablet= »||27px||false|false » custom_padding_phone= »||0px||false|false » custom_padding_last_edited= »on|phone » global_colors_info= »{} »][/et_pb_image][et_pb_text _builder_version= »4.19.4&Prime; _module_preset= »default » text_orientation= »center » custom_margin= »0px||0px||false|false » custom_padding= »||0px||false|false » global_colors_info= »{} »]</p>
<p><strong>Carmin</strong> &#8211; 23x27x10 cm &#8211; Grès, porcelaine, oxydes, émail &#8211; 2022</p>
<p>[/et_pb_text][/et_pb_column][/et_pb_row][/et_pb_section]</p>

<p>Emeraude &#8211; 2022 Vue d&rsquo;exposition Biennale Bicéphale 2023Lagon &#8211; 19x34x17 cm &#8211; Céramique émaillée &#8211; 2022Emeraude- 21x33x15 cm &#8211; Céramique émaillée &#8211; 2022&nbsp; &nbsp;Carmin &#8211; 23x27x10 cm &#8211; Grès, porcelaine, oxydes, émail &#8211; 2022</p>
